{"id":22,"date":"2013-05-21T20:06:20","date_gmt":"2013-05-21T18:06:20","guid":{"rendered":"http:\/\/www.melissas-haarstudio.de\/wordpress\/?page_id=22"},"modified":"2013-06-01T17:48:16","modified_gmt":"2013-06-01T15:48:16","slug":"produkte","status":"publish","type":"page","link":"http:\/\/www.melissas-haarstudio.de\/wordpress\/produkte\/","title":{"rendered":"PRODUKTE"},"content":{"rendered":"<h2>PRODUKTE<\/h2>\n<div style=\"line-height: 3px; height: 3px; background-color: #844545; width: 100%; margin: auto; margin-bottom: 35px;\"><\/div>\n<p>Wir verwenden nat\u00fcrliche Produkte aus der Kollektion von PAUL MITCHELL. Die Inhaltsstoffe und Rezepturen werden sorgf\u00e4ltig auf Wirkung und Vertr\u00e4glichkeit getestet und von Beginn an ohne eigene Tierversuche entwickelt. Folgende Produkte k\u00f6nnen Sie bei uns erwerben.<\/p>\n<p><center><\/p>\n<div class=\"hovergallery2\">\n  <a href=\"http:\/\/www.paul-mitchell.de\/\" target=\"_blank\"><img decoding=\"async\" loading=\"lazy\" src=\"\/wordpress\/wp-content\/uploads\/Paul_Mitchell.png\" alt=\"PM_Strength\" width=\"850\" height=\"42\" style=\"border: 10px #fff solid; background-color:#fff;\"\/><\/a>\n<\/div>\n<p><\/center><\/p>\n<div align=\"center\" style=\"height: 850px; width: 100%; margin: auto; padding-left: 25px;\">\n<div class=\"focus pic\"> clarifying<br \/>\n    <a class=\"colorbox-link\" href=\"\/wordpress\/wp-content\/customHTML\/produkte\/clarifying.html\"><img decoding=\"async\" loading=\"lazy\" src=\"\/wordpress\/wp-content\/uploads\/PM_Clarifying.png\" alt=\"Paul Mitchell clarifying\" width=\"160\" height=\"160\"\/><\/a>\n  <\/div>\n<div class=\"focus pic\"> colorcare<br \/>\n    <a class=\"colorbox-link\" href=\"\/wordpress\/wp-content\/customHTML\/produkte\/colorcare.html\"><img decoding=\"async\" loading=\"lazy\" src=\"\/wordpress\/wp-content\/uploads\/PM_ColorCare.png\" alt=\"Paul Mitchell colorcare\" width=\"160\" height=\"160\"\/><\/a>\n  <\/div>\n<div class=\"focus pic\"> express<br \/>\n    <a class=\"colorbox-link\" href=\"\/wordpress\/wp-content\/customHTML\/produkte\/express.html\"><img decoding=\"async\" loading=\"lazy\" src=\"\/wordpress\/wp-content\/uploads\/PM_ExpressStyle.png\" alt=\"Paul Mitchell express\" width=\"160\" height=\"160\"\/><\/a>\n  <\/div>\n<div class=\"focus pic\"> extra<br \/>\n    <a class=\"colorbox-link\" href=\"\/wordpress\/wp-content\/customHTML\/produkte\/extra.html\"><img decoding=\"async\" loading=\"lazy\" src=\"\/wordpress\/wp-content\/uploads\/PM_ExtraBody.png\" alt=\"Paul Mitchell extrabody\" width=\"160\" height=\"160\"\/><\/a>\n  <\/div>\n<div class=\"focus pic\"> firm<br \/>\n    <a class=\"colorbox-link\" href=\"\/wordpress\/wp-content\/customHTML\/produkte\/firm.html\"><img decoding=\"async\" loading=\"lazy\" src=\"\/wordpress\/wp-content\/uploads\/PM_FirmStyle.png\" alt=\"Paul Mitchell firmstyle\" width=\"160\" height=\"160\"\/><\/a>\n  <\/div>\n<div class=\"focus pic\"> flexible<br \/>\n    <a class=\"colorbox-link\" href=\"\/wordpress\/wp-content\/customHTML\/produkte\/flexible.html\"><img decoding=\"async\" loading=\"lazy\" src=\"\/wordpress\/wp-content\/uploads\/PM_FlexibleStyle.png\" alt=\"Paul Mitchell flexiblestyle\" width=\"160\" height=\"160\"\/><\/a>\n  <\/div>\n<div class=\"focus pic\"> forever blonde<br \/>\n    <a class=\"colorbox-link\" href=\"\/wordpress\/wp-content\/customHTML\/produkte\/forever.html\"><img decoding=\"async\" loading=\"lazy\" src=\"\/wordpress\/wp-content\/uploads\/PM_Blonde.png\" alt=\"Paul Mitchell forever blonde\" width=\"160\" height=\"160\"\/><\/a>\n  <\/div>\n<div class=\"focus pic\"> kids<br \/>\n    <a class=\"colorbox-link\" href=\"\/wordpress\/wp-content\/customHTML\/produkte\/kids.html\"><img decoding=\"async\" loading=\"lazy\" src=\"\/wordpress\/wp-content\/uploads\/PM_Kids.png\" alt=\"Paul Mitchell kids\" width=\"160\" height=\"160\"\/><\/a>\n  <\/div>\n<div class=\"focus pic\"> moisture<br \/>\n    <a class=\"colorbox-link\" href=\"\/wordpress\/wp-content\/customHTML\/produkte\/moisture.html\"><img decoding=\"async\" loading=\"lazy\" src=\"\/wordpress\/wp-content\/uploads\/PM_Moisture.png\" alt=\"Paul Mitchell moisture\" width=\"160\" height=\"160\"\/><\/a>\n  <\/div>\n<div class=\"focus pic\"> original<br \/>\n    <a class=\"colorbox-link\" href=\"\/wordpress\/wp-content\/customHTML\/produkte\/original.html\"><img decoding=\"async\" loading=\"lazy\" src=\"\/wordpress\/wp-content\/uploads\/PM-original.png\" alt=\"Paul Mitchell original\" width=\"160\" height=\"160\"\/><\/a>\n  <\/div>\n<div class=\"focus pic\"> smoothing<br \/>\n    <a class=\"colorbox-link\" href=\"\/wordpress\/wp-content\/customHTML\/produkte\/smoothing.html\"><img decoding=\"async\" loading=\"lazy\" src=\"\/wordpress\/wp-content\/uploads\/PM_Smooting.png\" alt=\"Paul Mitchell smoothing\" width=\"160\" height=\"160\"\/><\/a>\n  <\/div>\n<div class=\"focus pic\"> soft<br \/>\n    <a class=\"colorbox-link\" href=\"\/wordpress\/wp-content\/customHTML\/produkte\/soft.html\"><img decoding=\"async\" loading=\"lazy\" src=\"\/wordpress\/wp-content\/uploads\/PM_SoftStyle.png\" alt=\"Paul Mitchell softstyle\" width=\"160\" height=\"160\"\/><\/a>\n  <\/div>\n<div class=\"focus pic\"> strength<br \/>\n    <a class=\"colorbox-link\" href=\"\/wordpress\/wp-content\/customHTML\/produkte\/strength.html\"><img decoding=\"async\" loading=\"lazy\" src=\"\/wordpress\/wp-content\/uploads\/PM_Strength.png\" alt=\"Paul Mitchell strength\" width=\"160\" height=\"160\"\/><\/a>\n  <\/div>\n<\/div>\n","protected":false},"excerpt":{"rendered":"<p>PRODUKTE Wir verwenden nat\u00fcrliche Produkte aus der Kollektion von PAUL MITCHELL. Die Inhaltsstoffe und Rezepturen werden sorgf\u00e4ltig auf Wirkung und Vertr\u00e4glichkeit getestet und von Beginn an ohne eigene Tierversuche entwickelt. Folgende Produkte k\u00f6nnen Sie bei uns erwerben. clarifying colorcare express<span class=\"ellipsis\">&hellip;<\/span><\/p>\n<div class=\"read-more\"><a href=\"http:\/\/www.melissas-haarstudio.de\/wordpress\/produkte\/\">Weiterlesen \u203a<\/a><\/div>\n<p><!-- end of .read-more --><\/p>\n","protected":false},"author":1,"featured_media":0,"parent":0,"menu_order":0,"comment_status":"closed","ping_status":"closed","template":"","meta":[],"yoast_head":"<!-- This site is optimized with the Yoast SEO plugin v19.14 - https:\/\/yoast.com\/wordpress\/plugins\/seo\/ -->\n<title>PRODUKTE - Melissa\u00b4s Haarstudio<\/title>\n<meta name=\"description\" content=\"Wir verwenden nat\u00fcrliche Produkte aus der Kollektion von PAUL MITCHELL. Die Inhaltsstoffe und Rezepturen werden sorgf\u00e4ltig auf Wirkung und Vertr\u00e4glichkeit ge\" \/>\n<meta name=\"robots\" content=\"index, follow, max-snippet:-1, max-image-preview:large, max-video-preview:-1\" \/>\n<link rel=\"canonical\" href=\"http:\/\/www.melissas-haarstudio.de\/wordpress\/produkte\/\" \/>\n<meta property=\"og:locale\" content=\"de_DE\" \/>\n<meta property=\"og:type\" content=\"article\" \/>\n<meta property=\"og:title\" content=\"PRODUKTE - Melissa\u00b4s Haarstudio\" \/>\n<meta property=\"og:description\" content=\"Wir verwenden nat\u00fcrliche Produkte aus der Kollektion von PAUL MITCHELL. Die Inhaltsstoffe und Rezepturen werden sorgf\u00e4ltig auf Wirkung und Vertr\u00e4glichkeit ge\" \/>\n<meta property=\"og:url\" content=\"http:\/\/www.melissas-haarstudio.de\/wordpress\/produkte\/\" \/>\n<meta property=\"og:site_name\" content=\"Melissa\u00b4s Haarstudio\" \/>\n<meta property=\"article:modified_time\" content=\"2013-06-01T15:48:16+00:00\" \/>\n<script type=\"application\/ld+json\" class=\"yoast-schema-graph\">{\"@context\":\"https:\/\/schema.org\",\"@graph\":[{\"@type\":\"WebPage\",\"@id\":\"http:\/\/www.melissas-haarstudio.de\/wordpress\/produkte\/\",\"url\":\"http:\/\/www.melissas-haarstudio.de\/wordpress\/produkte\/\",\"name\":\"PRODUKTE - Melissa\u00b4s Haarstudio\",\"isPartOf\":{\"@id\":\"http:\/\/www.melissas-haarstudio.de\/wordpress\/#website\"},\"datePublished\":\"2013-05-21T18:06:20+00:00\",\"dateModified\":\"2013-06-01T15:48:16+00:00\",\"description\":\"Wir verwenden nat\u00fcrliche Produkte aus der Kollektion von PAUL MITCHELL. Die Inhaltsstoffe und Rezepturen werden sorgf\u00e4ltig auf Wirkung und Vertr\u00e4glichkeit ge\",\"breadcrumb\":{\"@id\":\"http:\/\/www.melissas-haarstudio.de\/wordpress\/produkte\/#breadcrumb\"},\"inLanguage\":\"de\",\"potentialAction\":[{\"@type\":\"ReadAction\",\"target\":[\"http:\/\/www.melissas-haarstudio.de\/wordpress\/produkte\/\"]}]},{\"@type\":\"BreadcrumbList\",\"@id\":\"http:\/\/www.melissas-haarstudio.de\/wordpress\/produkte\/#breadcrumb\",\"itemListElement\":[{\"@type\":\"ListItem\",\"position\":1,\"name\":\"Home\",\"item\":\"http:\/\/www.melissas-haarstudio.de\/wordpress\/\"},{\"@type\":\"ListItem\",\"position\":2,\"name\":\"PRODUKTE\"}]},{\"@type\":\"WebSite\",\"@id\":\"http:\/\/www.melissas-haarstudio.de\/wordpress\/#website\",\"url\":\"http:\/\/www.melissas-haarstudio.de\/wordpress\/\",\"name\":\"Melissa\u00b4s Haarstudio\",\"description\":\"\",\"potentialAction\":[{\"@type\":\"SearchAction\",\"target\":{\"@type\":\"EntryPoint\",\"urlTemplate\":\"http:\/\/www.melissas-haarstudio.de\/wordpress\/?s={search_term_string}\"},\"query-input\":\"required name=search_term_string\"}],\"inLanguage\":\"de\"}]}<\/script>\n<!-- \/ Yoast SEO plugin. -->","yoast_head_json":{"title":"PRODUKTE - Melissa\u00b4s Haarstudio","description":"Wir verwenden nat\u00fcrliche Produkte aus der Kollektion von PAUL MITCHELL. Die Inhaltsstoffe und Rezepturen werden sorgf\u00e4ltig auf Wirkung und Vertr\u00e4glichkeit ge","robots":{"index":"index","follow":"follow","max-snippet":"max-snippet:-1","max-image-preview":"max-image-preview:large","max-video-preview":"max-video-preview:-1"},"canonical":"http:\/\/www.melissas-haarstudio.de\/wordpress\/produkte\/","og_locale":"de_DE","og_type":"article","og_title":"PRODUKTE - Melissa\u00b4s Haarstudio","og_description":"Wir verwenden nat\u00fcrliche Produkte aus der Kollektion von PAUL MITCHELL. Die Inhaltsstoffe und Rezepturen werden sorgf\u00e4ltig auf Wirkung und Vertr\u00e4glichkeit ge","og_url":"http:\/\/www.melissas-haarstudio.de\/wordpress\/produkte\/","og_site_name":"Melissa\u00b4s Haarstudio","article_modified_time":"2013-06-01T15:48:16+00:00","schema":{"@context":"https:\/\/schema.org","@graph":[{"@type":"WebPage","@id":"http:\/\/www.melissas-haarstudio.de\/wordpress\/produkte\/","url":"http:\/\/www.melissas-haarstudio.de\/wordpress\/produkte\/","name":"PRODUKTE - Melissa\u00b4s Haarstudio","isPartOf":{"@id":"http:\/\/www.melissas-haarstudio.de\/wordpress\/#website"},"datePublished":"2013-05-21T18:06:20+00:00","dateModified":"2013-06-01T15:48:16+00:00","description":"Wir verwenden nat\u00fcrliche Produkte aus der Kollektion von PAUL MITCHELL. Die Inhaltsstoffe und Rezepturen werden sorgf\u00e4ltig auf Wirkung und Vertr\u00e4glichkeit ge","breadcrumb":{"@id":"http:\/\/www.melissas-haarstudio.de\/wordpress\/produkte\/#breadcrumb"},"inLanguage":"de","potentialAction":[{"@type":"ReadAction","target":["http:\/\/www.melissas-haarstudio.de\/wordpress\/produkte\/"]}]},{"@type":"BreadcrumbList","@id":"http:\/\/www.melissas-haarstudio.de\/wordpress\/produkte\/#breadcrumb","itemListElement":[{"@type":"ListItem","position":1,"name":"Home","item":"http:\/\/www.melissas-haarstudio.de\/wordpress\/"},{"@type":"ListItem","position":2,"name":"PRODUKTE"}]},{"@type":"WebSite","@id":"http:\/\/www.melissas-haarstudio.de\/wordpress\/#website","url":"http:\/\/www.melissas-haarstudio.de\/wordpress\/","name":"Melissa\u00b4s Haarstudio","description":"","potentialAction":[{"@type":"SearchAction","target":{"@type":"EntryPoint","urlTemplate":"http:\/\/www.melissas-haarstudio.de\/wordpress\/?s={search_term_string}"},"query-input":"required name=search_term_string"}],"inLanguage":"de"}]}},"_links":{"self":[{"href":"http:\/\/www.melissas-haarstudio.de\/wordpress\/wp-json\/wp\/v2\/pages\/22"}],"collection":[{"href":"http:\/\/www.melissas-haarstudio.de\/wordpress\/wp-json\/wp\/v2\/pages"}],"about":[{"href":"http:\/\/www.melissas-haarstudio.de\/wordpress\/wp-json\/wp\/v2\/types\/page"}],"author":[{"embeddable":true,"href":"http:\/\/www.melissas-haarstudio.de\/wordpress\/wp-json\/wp\/v2\/users\/1"}],"replies":[{"embeddable":true,"href":"http:\/\/www.melissas-haarstudio.de\/wordpress\/wp-json\/wp\/v2\/comments?post=22"}],"version-history":[{"count":23,"href":"http:\/\/www.melissas-haarstudio.de\/wordpress\/wp-json\/wp\/v2\/pages\/22\/revisions"}],"predecessor-version":[{"id":990,"href":"http:\/\/www.melissas-haarstudio.de\/wordpress\/wp-json\/wp\/v2\/pages\/22\/revisions\/990"}],"wp:attachment":[{"href":"http:\/\/www.melissas-haarstudio.de\/wordpress\/wp-json\/wp\/v2\/media?parent=22"}],"curies":[{"name":"wp","href":"https:\/\/api.w.org\/{rel}","templated":true}]}}